m) = -m**3 + 38*m**2 - 2*m + 81. Give o(38).
5
Let t(z) = 4*z**3 - 4*z**2 + 5*z - 1. Calculate t(2).
25
Let a(r) = 2*r**3 + 6*r**2 - r. Give a(1).
7
Let o(x) = x**2 + 6*x - 58. Determine o(-11).
-3
Let z(i) = -6*i - 12. Determine z(8).
-60
Let g(k) = -k**2 + 12*k + 87. Give g(-6).
-21
Let t(m) = -m**3 - 4*m**2 - 3*m - 3. Determine t(-6).
87
Let z(f) = -f**3 + 6*f**2 + 3*f + 10. Calculate z(7).
-18
Let p(s) = -s**2 + 5*s. Calculate p(5).
0
Let u(q) = -q**3 + 7*q**2 + 11*q - 13. Calculate u(8).
11
Let p(u) = -u**2 - 2*u - 2. Give p(-4).
-10
Let m(x) = -x**2 + 3*x. Calculate m(4).
-4
Let d(w) = 3*w - 126. What is d(40)?
-6
Let g(y) = 4*y + 50. Give g(-12).
2
Let f(z) = z**3 + 3*z**2 + 5*z + 12. What is f(-3)?
-3
Let k(b) = -4*b**3 - 3*b**2 + b + 4. Determine k(-1).
4
Let g(d) = d**2 - 30*d + 14. Give g(22).
-162
Let x(w) = -w**3 + 13*w**2 + 14*w - 9. Calculate x(14).
-9
Let d(c) = 2*c**3 + c**2 - 2*c - 3. Determine d(-2).
-11
Let q(j) = -2*j + 3. Calculate q(-3).
9
Let q(t) = -8*t + 36. Give q(5).
-4
Let g(v) = 14*v + 99. What is g(-7)?
1
Let g(i) = 19*i**3 + i**2 - 5*i - 6. Determine g(-1).
-19
Let k(f) = -2*f + 11. Determine k(6).
-1
Let g(t) = -2*t + 7. Calculate g(5).
-3
Let y(u) = -u**2 + 23*u - 1. Determine y(0).
-1
Let z(x) = x**2 - 5*x + 3. Determine z(2).
-3
Let c(w) = -66*w**3 + w + 2. Give c(-1).
67
Let f(w) = -w**3 - 8*w**2 + 5*w - 1. Calculate f(-8).
-41
Let c(n) = 5*n - 19. Give c(6).
11
Let f(w) = -8*w + 213. Give f(26).
5
Let o(y) = y**3 + 10*y**2 + 18*y + 17. Determine o(-8).
1
Let t(m) = m + 6. Give t(-3).
3
Let c(v) = 20*v**2 + 2*v - 2. What is c(1)?
20
Let f(w) = -65*w + 594. Give f(9).
9
Let d(l) = -4*l + 7. Determine d(0).
7
Let q(s) = 3*s**3 - 8*s**2 - 7*s. Give q(-1).
-4
Let k(r) = -r**2 - 7. Determine k(8).
-71
Let f(x) = 4*x**2 + 15*x + 7. Give f(-3).
-2
Let o(n) = 4*n**2 + 6*n - 1. Determine o(-3).
17
Let z(u) = 4*u**2 + 37*u. What is z(-9)?
-9
Let y(p) = 22*p - 1. Calculate y(1).
21
Let t(k) = k**3 + 39*k**2 - 2*k - 65. Determine t(-39).
13
Let c(m) = m**3 + 9*m**2 - 11*m + 5. Determine c(-10).
15
Let n(g) = 2*g**2 - 2*g + 19. Determine n(6).
79
Let w(a) = -a**3 - 6*a**2 - 2*a - 12. What is w(-6)?
0
Let d(z) = 2*z**2 - 3*z + 2. What is d(-3)?
29
Let p(v) = 14*v**3 - 5*v + 4. Give p(1).
13
Let l(c) = -2*c + 18. Calculate l(9).
0
Let a(g) = 2*g**2 - 37*g - 108. Calculate a(21).
-3
Let y(l) = -l**3 - 7*l**2 - 9*l - 8. Determine y(-6).
10
Let k(a) = a - 28. What is k(14)?
-14
Let y(f) = f**2 + 67*f + 365. Give y(-61).
-1
Let z(w) = -2*w - 26. Calculate z(-10).
-6
Let o(x) = x**2 - 10*x + 8. Determine o(8).
-8
Let h(o) = 6*o + 48. Give h(-5).
18
Let o(z) = -2*z**3 - 13*z**2 - 5*z + 8. Give o(-6).
2
Let q(n) = 3*n - 8. What is q(10)?
22
Let g(n) = -8*n**2 - n + 13. What is g(4)?
-119
Let i(o) = -o**3 + 2*o**2 - 3*o + 2. Calculate i(2).
-4
Let j(a) = -a**2 - a + 16. Give j(4).
-4
Let o(n) = -n**3 - 12*n**2 - 4*n + 22. Give o(-11).
-55
Let z(c) = -12*c + 2. Give z(2).
-22
Let v(y) = -y**3 - 10*y**2 - 12*y - 18. Determine v(-9).
9
Let z(i) = 92*i + 282. Calculate z(-3).
6
Let g(o) = 8*o - 21. What is g(6)?
27
Let m(l) = -3*l**3 - 3*l**2 - l + 1. What is m(-2)?
15
Let i(s) = -s**3 + 11*s**2 - 9*s - 11. Determine i(10).
-1
Let w(b) = b**2 - 6*b - 6. What is w(6)?
-6
Let q(y) = -y**3 - 9*y**2 - 19*y - 37. Calculate q(-7).
-2
Let w(h) = -h**2 - 11*h - 24. Give w(-3).
0
Let s(q) = q**2 + 12*q - 1. Calculate s(-15).
44
Let c(w) = 2*w + 18. Calculate c(3).
24
Let a(u) = u**3 - 11*u**2 + u + 14. Determine a(11).
25
Let o(g) = -427*g + 2570. Give o(6).
8
Let v(g) = 7*g - 98. Give v(14).
0
Let s(m) = -m**2 - 10*m - 8. Give s(-9).
1
Let a(u) = 2*u + 4. What is a(-9)?
-14
Let d(z) = -z**3 + 21*z**2 + 3*z - 54. Calculate d(21).
9
Let r(b) = b + 7. Give r(-16).
-9
Let a(l) = -l + 17. What is a(21)?
-4
Let i(m) = m**3 - 16*m**2 + 14*m + 19. Calculate i(15).
4
Let t(f) = -2*f**2 - 12*f - 3. Determine t(-6).
-3
Let o(r) = -r**2 - 2*r - 33. Give o(-6).
-57
Let n(u) = -u**2 + 2*u - 11. Determine n(5).
-26
Let v(f) = -6*f + 4. Determine v(3).
-14
Let n(c) = 2*c**3 - c**2 - 5*c - 2. Give n(-2).
-12
Let b(a) = a - 14. Calculate b(-22).
-36
Let s(b) = b - 27. What is s(8)?
-19
Let q(h) = -12*h**2 - 2*h - 1. Determine q(-2).
-45
Let t(p) = 5*p + 15. Determine t(-6).
-15
Let i(l) = l**3 - 17*l**2 + 2*l - 22. Give i(17).
12
Let g(l) = -12*l - 14. Determine g(8).
-110
Let z(l) = l**3 + 16*l**2 - l + 10. Calculate z(-16).
26
Let q(c) = 22*c**2 + 9*c - 21. Calculate q(2).
85
Let l(j) = -2*j + 1. Determine l(-1).
3
Let o(n) = 12*n + 6. What is o(-1)?
-6
Let p(r) = -65*r + 43. Calculate p(1).
-22
Let x(g) = g**2 + 16*g - 4. What is x(-16)?
-4
Let w(a) = -2*a**2 + 7*a - 8. Determine w(3).
-5
Let r(y) = 7*y + 119. Give r(-18).
-7
Let x(t) = 2*t**2 - 1. What is x(2)?
7
Let v(w) = -w**2 - 15*w - 2. Calculate v(-5).
48
Let n(u) = -u**2 + 18*u + 48. Calculate n(21).
-15
Let i(a) = 13*a + 98. Calculate i(-8).
-6
Let s(q) = -20*q**2 - 11*q + 2. Determine s(-1).
-7
Let x(i) = i**2 - 5*i + 1. Calculate x(2).
-5
Let m(w) = w**3 - 9*w**2 - 16*w + 58. Determine m(10).
-2
Let t(h) = -48*h - 1. Give t(-1).
47
Let n(t) = -5*t**2 - 34*t + 1. Determine n(-7).
-6
Let s(d) = -d**3 + 6*d**2 + 4*d + 9. Determine s(7).
-12
Let m(o) = 4*o + 27. Calculate m(-6).
3
Let j(i) = i**3 - 3*i**2 + 4*i - 3. Calculate j(3).
9
Let m(z) = z**2 + 2*z + 67. Calculate m(0).
67
Let m(t) = t - 12. Give m(-7).
-19
Let h(i) = i**3 - 13*i**2 + 3*i - 14. Calculate h(13).
25
Let v(l) = -8*l + 52. Give v(0).
52
Let p(u) = -3*u + 30. What is p(-17)?
81
Let p(c) = 14*c**3 - 1. Determine p(1).
13
Let c(o) = -o**2 - 8*o - 5. What is c(-6)?
7
Let l(d) = -d**3 + 12*d**2 + 2*d - 137. Calculate l(11).
6
Let k(o) = -o**3 - 4*o**2 + 4*o + 3. Calculate k(-4).
-13
Let g(o) = -6*o - 1. Give g(-6).
35
Let h(f) = -102*f**3 - f**2 + 1. Calculate h(-1).
102
Let k(a) = -3*a + 110. What is k(0)?
110
Let u(g) = -g**2 + 13*g + 40. Determine u(16).
-8
Let z(q) = -2*q + 4. Calculate z(-7).
18
Let l(n) = n**3 - 10*n**2 + 11*n + 10. What is l(9)?
28
Let n(c) = c**3 - 21*c**2 + 18*c + 40. Calculate n(20).
0
Let a(s) = s**3 + 9*s**2 - 8*s + 4. What is a(-10)?
-16
Let i(w) = -w**3 + 10*w**2 - 6*w - 12. What is i(9)?
15
Let g(s) = -s**3 - 49*s**2 - 52*s - 196. Calculate g(-48).
-4
Let v(c) = c**2 - 7*c - 15. Give v(7).
-15
Let l(q) = q**2 + 10*q - 114. What is l(7)?
5
Let v(m) = m**2 + 6*m - 10. Calculate v(-8).
6
Let x(f) = f**3 - 25*f**2 + 24*f - 6. What is x(24)?
-6
Let y(x) = x**3 + 8*x**2 - 3*x - 17. Calculate y(-8).
7
Let s(b) = -b**2 + 33*b - 119. What is s(4)?
-3
Let f(d) = -d**3 + 4*d**2 + 12*d - 5. Give f(6).
-5
Let u(n) = n**3 + 8*n**2 + 9*n + 3. Give u(-7).
-11
Let g(f) = -2*f**2 + 6*f + 8. Give g(-2).
-12
Let u(t) = t**3 + 14*t**2 + 2*t + 22. Calculate u(-14).
-6
Let s(t) = -t**2 - 7*t + 8. Determine s(-11).
-36
Let c(g) = -3*g**2 - 22*g - 12. Determine c(-7).
-5
Let m(q) = q**3 - 14*q**2 + 8*q + 43. Give m(13).
-22
Let x(n) = -n**2 - 10*n. What is x(-6)?
24
Let m(t) = 2*t + 6. Determine m(-5).
-4
Let b(a) = 16*a + 12. Determine b(0).
12
Let k(y) = y**3 - 6*y**2 + 6*y - 9. What is k(5)?
-4
Let f(u) = -7*u**2 + 2*u + 2. What is f(-1)?
-7
Let u(z) = z**2 + 17*z. Determine u(-18).
18
Let q(y) = y**3 - y**2 - 3*y - 4. Determine q(-3).
-31
Let k(o) = 2*o**2 - 2*o - 8. Calculate k(6).
52
Let i(f) = -f**3 - 4*f**2 + 2*f. Give i(-2).
-12
Let b(m) = -m**3 + 8*m**2 + 3*m - 10. Give b(7).
60
Let x(k) = -k**3 - 7*k**2 - k + 2. What is x(-6)?
-28
Let j(w) = 13*w + 62. Give j(-6).
-16
Let h(r) = -16*r + 43. Calculate h(3).
-5
Let i(n) = 9*n - 6. What is i(4)?
30
Let l(h) = h**3 + 16*h**2 + 13*h - 30. Give l(-15).
0
Let w(t) = 8*t**3 + t**2 + 2*t - 4. What is w(1)?
7
Let k(q) = q - 33. What is k(16)?
-17
Let u(y) = y**3 - 37*y**2 + 3*y - 113. Determine u(37).
-2
Let u(g) = -3*g + 7. Determine u(-4).
19
Let k(i) = -i**2 + 6*i + 157. What is k(-10)?
-3
Let f(t) = t**2 + 18*t + 14. Determine f(-13).
-51
Let f(c) = -c**2 + 10*c - 10. Calculate f(8).
6
Let q(a) = 7*a + 108. Calculate q(-18).
-18
Let n(p) = 28*p - 52. Calculate n(2).
4
Let j(i) = -i**2 + 7*i + 2. Give j(-6).
-76
Let t(y) = 99*y**3 - y**2 - 2*y + 1. Determine t(1).
97
Let n(g) = -g**2 - 5*g - 9. Determine n(-4).
-5
Let g(b) = b**3 - 11*b**2 - 13*b + 9. Calculate g(12).
